. Suppose -5 - 67 = -x*j. Calculate the remainder when 123 is divided by j.
15
Let t be (4 - 17/9) + (-6)/54. Suppose -2*s - 13 = -2*z + 3, -t*z = -4*s - 12. Calculate the remainder when 78 is divided by z.
8
Let j = 16921 - 16740. Calculate the remainder when 1257 is divided by j.
171
Let w = -820 - -1134. Let g = 350 - w. What is the remainder when 394 is divided by g?
34
Suppose -5*i - 449 + 661 = 4*k, 0 = 2*k + 4. What is the remainder when 63 is divided by i?
19
Let x = 234 - 218. Let t be 2 + (1 - 1)/(-5). Suppose 2*n + 2*l + 3*l = 166, -364 = -4*n - t*l. Calculate the remainder when n is divided by x.
13
Suppose -20*v + 17*v = -36. Let u = -2 - -7. Let r = u + v. What is the remainder when r is divided by 9?
8
Let o = 14 - 9. Let c be (10/(-2 + 0))/((-4)/8). Let y = o + c. What is the remainder when 43 is divided by y?
13
What is the remainder when (-118)/(-354) - (20372/(-12) - -3) is divided by 68?
63
Let c = -297 - -470. Suppose -2*u = -2*p + 26, 6*u - 3*u = -6. Suppose -p*g = -5*g - 174. What is the remainder when c is divided by g?
28
Suppose 0 = -0*x - 2*x + 190. Suppose -2*f + i = -0*i - 33, -i = -3*f + 50. Suppose -2*a + f = -x. What is the remainder when a is divided by 30?
26
Let h = 2667 + -2562. Calculate the remainder when h is divided by 97.
8
Suppose -18*x = -4135 - 3029. Let k = -390 + x. Calculate the remainder when k is divided by 6/(-2)*5/(-3).
3
Suppose 0 = -634*k + 639*k - 5*l - 2300, -3*l + 2276 = 5*k. Calculate the remainder when k is divided by 61.
30
Let o(j) = j**3 + 15*j**2 - 12*j - 7. Let h be o(-16). Let v = 68 + h. Calculate the remainder when 52 is divided by ((-1)/v)/(9/756).
24
Calculate the remainder when 398 is divided by 1 - 1 - (8 + -182)/3.
50
Let t be -13 + 9 + 7 - (-761 - -1). Let d = 786 - t. Calculate the remainder when 90 is divided by d.
21
Suppose -2*j = 4*w - 0*j - 3018, -4*w + 3019 = 3*j. Let y = w - 521. What is the remainder when y is divided by 34?
29
Suppose 4*m + 4 = 2*m. Let z be 3 + (-11766)/(m/(-2)). Calculate the remainder when ((-1)/(-6) - z/54) + 3 is divided by 45.
41
Let w be ((-16)/(-4 + -4))/2. What is the remainder when ((-1530)/(-315))/(w/35) is divided by 63?
44
Let q = 133 + -135. What is the remainder when 168 is divided by (-58)/(-7 - 10/q)?
23
Calculate the remainder when -2*(4/(-12) + ((-491750)/(-21))/(-10)) is divided by 67.
61
Suppose 2*q = 12, -2762 = -57*k + 55*k + 4*q. What is the remainder when k is divided by 82?
81
Suppose c = 3*h - 53, 3*h + 7*c - 11*c = 41. Suppose 8*s - 437 = h. What is the remainder when s is divided by (-31)/(-2) + 1/(-2)?
12
Let n be (-1)/4 - (1785/(-20) + -1). Suppose g - 35 - n = 0. Let u = -75 + g. Calculate the remainder when u is divided by 28.
22
What is the remainder when 3778 is divided by 43/((-13545)/(-3750)) - 6/(-63)?
10
Let x be 21/(-6) + (-11)/(-2). Suppose 6*b - 18 = 3*b. Suppose 2*v - b*v = -x*p + 32, 5*p - 92 = -2*v. Calculate the remainder when 69 is divided by p.
15
Let k = 2459 + -1701. Suppose 16*f - k = 154. What is the remainder when 397 is divided by f?
55
Let r = -2 + -9. Let c = r - -13. Suppose -6 = -44*o + 41*o. What is the remainder when o is divided by c?
0
Let c = 104268 + -104263. Calculate the remainder when ((-84)/10)/((-2)/10) is divided by c.
2
Let y = 426 + -757. Let t = -673 - y. Calculate the remainder when 51 is divided by t/(-26) - (-38)/(-247).
12
Suppose 4*a + 181 = t + 72, 4*a + 375 = 3*t. What is the remainder when 1607 is divided by t?
11
Let j be 4184/18 + (-32)/72. Suppose -8*z + 6*z + 120 = s, 4*s = -4*z + j. Calculate the remainder when 805 is divided by z.
61
What is the remainder when (-5)/(10/(-436)) - -3*3 is divided by 98?
31
Suppose -132*f - 9920 = -4*n - 134*f, 0 = 2*n + 2*f - 4968. Calculate the remainder when n is divided by 73.
67
Let t = 52 - 15. Let w = 2723 - 2708. Calculate the remainder when (5 - 1)/(2/t) is divided by w.
14
Let t(k) = -k**2 + 20*k + 46. Let b be t(18). Suppose 0 = -8*u + b - 26. Calculate the remainder when u is divided by 2*(-1 - 0)*-1.
1
Let w = -532 - -549. Suppose 77*r = w*r + 3900. What is the remainder when r is divided by 17?
14
Let v(r) = 46*r - 146. Let z be v(4). Let h = z - 24. Calculate the remainder when 83 is divided by h.
13
Suppose 5*g + 10*x - 295 = 0, -19*x + 16*x = 2*g - 113. What is the remainder when g is divided by 5?
4
Let d = -17728 + 19144. Calculate the remainder when d is divided by 28.
16
What is the remainder when (3 - 607 - -2)*(-2 + 1)*1 is divided by 335?
267
Let s = -3194 + 3584. Calculate the remainder when s is divided by 88.
38
Suppose -5*a + 949 = -k, 3*k + 131 + 56 = a. Calculate the remainder when a is divided by (-654)/(-10) - (-511)/(-365).
62
Suppose 790*t + 41 = 791*t + f, 5*t = f + 229. What is the remainder when 4723 is divided by t?
43
Suppose -q - 235 = -m, 16*q - 2*m + 1184 = 11*q. What is the remainder when 20/40*q/(-1) is divided by 40?
39
Let h be (1 - (-3)/(-2)) + 1155/70. Suppose 30 - h = 2*f. Calculate the remainder when 8 is divided by f.
1
What is the remainder when ((-1)/(-3))/((-2)/(-9222)) is divided by 27?
25
Let d(g) = 364*g + 5388. What is the remainder when 7877 is divided by d(-14)?
285
Suppose 4*z + 5*j - 170 = 0, -5*z + 243 - 53 = -5*j. Let a be -3 - (1 + -8) - 2. Suppose 0*g - a*g = -30. Calculate the remainder when z is divided by g.
10
Let j = 90 - 85. Suppose 37 = j*m - 4*y, -10 = m + 47*y - 42*y. Calculate the remainder when 159 is divided by m.
4
Suppose -18 = -7*j - 2*j. Suppose 0 = -j*l + l + 5*o + 28, l + 2*o - 14 = 0. What is the remainder when (2/4)/((-1)/(-176)) is divided by l?
16
Let s be 2/2*15*2. Suppose 2*t = -4*r + s, -3*t + 4*r - 8*r = -55. What is the remainder when t is divided by 7?
4
Suppose 0 = 5*r + 63 - 208. Suppose -782*z = -776*z - 336. What is the remainder when z is divided by r?
27
What is the remainder when 608 is divided by (-188)/10*1275/(-510)?
44
Suppose g + 3*g - 1828 = 0. What is the remainder when g is divided by (-93)/(-2) + -15*(-24)/(-720)?
43
Let o(b) = -3731*b**2 - 3*b - 2. Let y be o(-1). Let m be (-3)/5 + y/(-50). Let w = -54 + m. What is the remainder when 71 is divided by w?
11
Let q = 168 - 79. Let g = q + -50. Suppose 3*w + 50 = 8*w. What is the remainder when g is divided by w?
9
Suppose 0 - 29 = 29*c. Suppose 68 = 4*l - 28. Calculate the remainder when l is divided by 13/(-26) + c*(-38)/4.
6
What is the remainder when -23 + (26 + 1 - -6519) is divided by 136?
131
Let m = -99 + 101. Suppose -21*g = -1031 + m. What is the remainder when g is divided by 10?
9
Suppose -2*u + 306 = 4*p, -5*u = -3*u + 3*p - 306. What is the remainder when 909 is divided by u?
144
Suppose 5481 = -j - 8*j. What is the remainder when ((-85)/(-10))/(6 + j/102) is divided by 75?
64
Let q = -15415 - -26624. Suppose -36*i = 3721 - q. Calculate the remainder when i is divided by 54.
46
What is the remainder when 1260 is divided by (-17)/((-102)/7560) + (3 + 0)/(-3)?
1
Let u = -23114 - -23333. Calculate the remainder when 860 is divided by u.
203
Let t(v) = -v + 5. Let r be t(1). Suppose -11 = -r*u - 19. Calculate the remainder when 2*102/4 - u is divided by 9.
8
Suppose 37*c = 47*c + 30. Calculate the remainder when -3 - (2 + c + -78) is divided by 40.
36
Let k(z) = 15*z**3 - 2*z**2 + 3*z - 2. Suppose -m - 1 = -2. Let v be k(m). What is the remainder when 61 is divided by 6/v - (327/(-21) - 2)?
7
Let q = 171 + -24. Let y = q + -141. Calculate the remainder when 33 is divided by y.
3
Let r = 793 - 553. What is the remainder when 1147 is divided by 3*-1*r/(-72)?
7
Let s(o) = -o**3 + 9*o**2 + 11*o - 10. Let u be s(10). Let t be -2 + u + 2 - -286. Suppose 160*v + t = 162*v. What is the remainder when v is divided by 16?
15
Let d = -3389 - -3694. Calculate the remainder when d is divided by 42.
11
Let i = 63 + -35. Let c(q) be the first derivative of q**3/3 - 5*q**2 + 32*q + 9. Calculate the remainder when i is divided by c(6).
4
Suppose 9*t = 21429 - 576. Calculate the remainder when t is divided by 9.
4
Let l(k) = -k + 19. What is the remainder when (4/20)/((-5)/(-1175)) is divided by l(0)?
9
Suppose 4*d - 161 + 43 = 38. What is the remainder when d is divided by 6?
3
Let v = -12313 + 13432. What is the remainder when v is divided by 59?
57
Let z be (-3702)/(-4) - 16/